9983?
3
What is the highest common factor of 729 and 18873?
81
What is the highest common factor of 37785 and 88?
11
What is the highest common factor of 10047 and 1224?
51
Calculate the greatest common factor of 279785 and 165.
55
What is the greatest common factor of 14880 and 2680?
40
Calculate the greatest common factor of 2226 and 37206.
318
What is the greatest common factor of 2528 and 2291?
79
What is the highest common divisor of 9 and 135119?
1
Calculate the highest common divisor of 775848 and 4.
4
Calculate the greatest common factor of 3560 and 11392.
712
Calculate the greatest common divisor of 10175 and 148.
37
Calculate the highest common divisor of 366565 and 334.
167
What is the greatest common factor of 143251 and 31?
31
What is the greatest common divisor of 88836 and 2112?
132
Calculate the highest common divisor of 8126 and 68.
34
Calculate the greatest common divisor of 15910 and 4958.
74
Calculate the highest common factor of 47124 and 51.
51
What is the greatest common divisor of 33030 and 2430?
90
What is the highest common divisor of 88850 and 150?
50
What is the highest common factor of 1675 and 25460?
335
What is the greatest common factor of 364 and 28042?
14
What is the greatest common factor of 46893 and 39556?
319
What is the highest common divisor of 8032 and 1792?
32
Calculate the highest common divisor of 58455 and 75.
15
What is the highest common factor of 2119 and 1235?
13
What is the highest common factor of 373383 and 54?
27
What is the greatest common factor of 225 and 706175?
25
What is the highest common divisor of 246598 and 946?
22
What is the greatest common divisor of 34 and 39406?
34
What is the greatest common factor of 1649 and 20808?
17
Calculate the highest common divisor of 1692 and 252672.
564
Calculate the greatest common divisor of 153819 and 3645.
729
Calculate the highest common factor of 453047 and 2135.
427
What is the greatest common factor of 13900 and 10760?
20
What is the highest common divisor of 110940 and 93740?
860
What is the greatest common divisor of 291 and 411571?
97
What is the highest common factor of 28 and 18364?
4
Calculate the highest common divisor of 4968 and 15180.
276
Calculate the highest common divisor of 11560 and 6.
2
What is the highest common factor of 427034 and 298?
298
Calculate the greatest common divisor of 6342864 and 8.
8
Calculate the highest common factor of 805105 and 35.
35
What is the highest common factor of 260 and 349570?
130
Calculate the greatest common divisor of 25019 and 2413.
127
What is the highest common factor of 35 and 7770?
35
What is the highest common divisor of 1063268 and 2724?
908
What is the highest common factor of 324 and 21474?
18
What is the highest common factor of 18791 and 551?
19
Calculate the greatest common factor of 8 and 12846.
2
What is the greatest common divisor of 740 and 1628?
148
What is the greatest common factor of 237586 and 2110?
422
What is the greatest common factor of 4209 and 40199?
61
Calculate the highest common divisor of 234 and 28561.
13
Calculate the highest common divisor of 2175 and 16675.
725
What is the highest common divisor of 20 and 424615?
5
Calculate the highest common divisor of 34410 and 62.
62
Calculate the greatest common divisor of 5312 and 12533.
83
What is the highest common divisor of 556 and 262?
2
Calculate the highest common divisor of 1441 and 9301.
131
Calculate the greatest common divisor of 12050 and 3475.
25
What is the highest common divisor of 895 and 75896?
179
Calculate the highest common divisor of 827707 and 43.
43
Calculate the greatest common factor of 20 and 34828.
4
Calculate the highest common factor of 94 and 162667.
47
Calculate the highest common divisor of 306 and 142794.
18
What is the greatest common factor of 12155 and 6149?
143
Calculate the greatest common divisor of 305 and 23241.
61
What is the highest common factor of 14 and 717422?
2
What is the greatest common factor of 936247 and 104?
13
Calculate the greatest common factor of 360 and 12840.
120
Calculate the highest common divisor of 10318 and 330.
22
Calculate the highest common factor of 573035 and 62.
31
What is the highest common divisor of 360 and 1449540?
180
Calculate the highest common factor of 3510 and 7770.
30
Calculate the greatest common divisor of 678 and 4296486.
678
What is the greatest common divisor of 2147083 and 901?
901
What is the highest common divisor of 7469546 and 266?
266
Calculate the highest common divisor of 740 and 70670.
370
Calculate the greatest common factor of 15300 and 56950.
850
Calculate the greatest common factor of 739904 and 2112.
704
What is the highest common divisor of 291644 and 8?
4
Calculate the highest common factor of 572 and 7332.
52
What is the highest common divisor of 33 and 3179?
11
Calculate the greatest common factor of 679 and 152387.
97
What is the highest common factor of 149881 and 71?
71
What is the greatest common divisor of 3366 and 141702?
66
Calculate the greatest common factor of 393297 and 93.
93
Calculate the greatest common divisor of 56560 and 1960.
280
Calculate the greatest common divisor of 44077 and 275.
11
Calculate the greatest common factor of 1310 and 149690.
10
What is the highest common factor of 272 and 223856?
272
Calculate the greatest common divisor of 92200 and 2500.
100
Calculate the greatest common divisor of 305509 and 2154.
359
What is the greatest common divisor of 2505 and 51937?
167
What is the greatest common factor of 540 and 9340?
20
What is the greatest common divisor of 147519 and 999?
333
Calculate the highest common factor of 278 and 2026.
2
What is the greatest common factor of 125 and 67835?
5
Calculate the greatest common divisor of 41 and 225377.
41
What is the greatest common divisor of 6976069 and 799?
799
Calculate the greatest common divisor of 346 and 126809.
173
What is the greatest common factor of 381 and 55753?
127
What is the greatest common factor of 27 and 3430?
1
What is the greatest common factor of 147 and 5733?
147
Calculate the greatest common factor of 2546 and 5293.
67
Calculate the greatest common divisor of 745682 and 2401.
343
What is the highest common factor of 125145 and 1620?
405
What is the greatest common factor of 91540 and 7590?
230
What is the greatest common factor of 72 and 1366452?
36
What is the highest common factor of 84 and 3129?
21
What is the greatest common divisor of 728 and 98952?
56
What is the greatest common divisor of 18450 and 400?
50
What is the greatest common divisor of 130893 and 207?
69
Calculate the highest common divisor of 28216 and 464.
8
What is the highest common divisor of 24 and 2820516?
12
What is the greatest common divisor of 1231997 and 169?
13
What is the highest common factor of 900634 and 644?
322
Calculate the highest common factor of 113 and 250634.
113
Calculate the highest common divisor of 1092717 and 54.
27
What is the highest common divisor of 133350 and 21?
21
Calculate the highest common divisor of 25 and 115925.
25
What is the highest common divisor of 654 and 2839777?
109
Calculate the greatest common factor of 109225 and 1190.
85
What is the highest common factor of 51724 and 19028?
268
Calculate the highest common divisor of 1133451 and 495.
99
Calculate the greatest common divisor of 267 and 129851.
89
Calculate the highest common divisor of 14418 and 289606.
178
Calculate the highest common factor of 251724 and 1980.
132
What is the highest common divisor of 13 and 1132?
1
What is the highest common divisor of 11739 and 349461?
903
What is the greatest common factor of 306 and 144636?
102
What is the highest common divisor of 22834 and 259562?
466
Calculate the highest common factor of 136206 and 504.
126
What is the highest common factor of 1349 and 1501?
19
Calculate the greatest common factor of 198 and 96294.
66
What is the greatest common divisor of 86828 and 2156?
196
What is the greatest common divisor of 482 and 4596834?
482
Calculate the greatest common factor of 108 and 73728.
36
What is the greatest common divisor of 1045 and 14915?
95
What is the greatest common factor of 28 and 4739?
7
Calculate the highest common factor of 656 and 3239.
41
What is the greatest common divisor of 2726008 and